 -7 + 10 + -8 + -7?
-12
Calculate 4 + 29 - (14 + 2).
17
What is the value of 18 - (50 - (18 - -7))?
-7
Evaluate (-3 + 1 - (-3 + 6)) + 24 + -27.
-8
14 - 6 - 10 - 1
-3
39 + -24 + 20 + -16
19
Evaluate 1 - (16 + -17 + (9 - -23)).
-30
Calculate 7 - (24 + -6) - (-11 + 0).
0
Calculate 1 + -3 - (13 + -2 + (-2 - 8)).
-3
(-15 + -5 - 15) + (-4 - -3) - -10
-26
Calculate 1 - 0 - (-34 + 75 - 12).
-28
Calculate (-4 - 0) + -22 + 4 + 4.
-18
What is the value of 23 + (1 - -11) + 29 + -45?
19
9 + -2 + (1 - (20 + -1))
-11
Evaluate -5 - (-28 - (10 + (-15 - 0)) - 10).
28
What is the value of -5 + 3 - -22 - (19 - 6)?
7
What is -204 + 203 - (-2 + 13)?
-12
What is the value of -3 - -8 - (-23 + 5 + -6 + 8)?
21
Calculate 1462 - 1456 - (1 + (0 - 0) - -18).
-13
12 - (-1 + (22 - 22))
13
Evaluate -11 + 3 + 10 + -2 - -2.
2
3 + -22 - (26 - 56)
11
Evaluate -7 - (-11 + 7 + -21).
18
-1 - (-12 + (14 - 9) - 0 - -12)
-6
What is the value of (5 - -3 - 5) + 4 + 1?
8
27 - (9 - 1) - (82 - 42)
-21
Calculate 2 - 2 - -23 - (-40 + (79 - 35)).
19
Evaluate 23 + -78 - -36 - 4.
-23
37 + -3 + -40 - (0 + -3)
-3
What is the value of 23 - (15 + 23 - 23)?
8
What is 6 + -23 + (14 - (10 + -2))?
-11
What is -7 + 5 - 2 - (1 - 20 - 4)?
19
Calculate -7 - ((-9 + 8 - -1) + -4 + 1).
-4
Evaluate 3 - (9 - (7 - (8 + 0 + -1))).
-6
What is (-19 - 1) + 2 + (-870 - -886)?
-2
What is the value of 2 + -15 + 15 + -4?
-2
What is the value of (561 + -554 - (-2 + (2 - -4))) + -20?
-17
-63 - -48 - (1 + -19 + 6)
-3
5 + (6 - 24) + 0
-13
Calculate -7 + 8 + (12 - 0).
13
What is the value of -4 + 31 + -24 - 17?
-14
What is 6 - (-7 - 5 - -11)?
7
What is -8 + (-13 - -6) + 4 + 7?
-4
Calculate 33 + -1 + (3 + -11 + 6 - -9).
39
What is 14 + -7 + (-6 - (-9 + 8)) + -4?
-2
Evaluate 1 - (-1 - (0 - -2)).
4
Calculate (-6 - (-2 - (16 + (-11 - -5)))) + 0.
6
What is 8 + -4 + -1 + (13 - 9) + -3?
4
What is -2 + (8 + 7 + -12 - 0) + -11?
-10
What is the value of -49 + (19 - 8) + -1 + 12?
-27
Calculate -3 + (-1 + 4 + 3 - 4).
-1
What is -2 - ((7 - 29 - -7) + 3)?
10
Evaluate -21 - (2 + (-2 - -3) + -6 + -4).
-14
What is (155 - 158 - (-1 + -8)) + 10?
16
What is the value of (-1 - 18) + (-5 + 19 - 8)?
-13
What is 17 - ((-3 + 7 - (-20 - -16)) + 2)?
7
What is (11 - 5) + -11 - (0 + 46 + -19)?
-32
Evaluate 4 - (8 + (0 + (16 - 3) - 7)).
-10
Calculate 1 - ((8 - 1) + -6 - 0).
0
Calculate (1 - 2) + (5 - 20) + (9 - 0).
-7
What is -109 + 94 - (-13 + 0)?
-2
Calculate (-177 - -167) + (-1 - -15).
4
-4 - (12 + 19 + -45)
10
Evaluate 1 + 17 + (-7 - (-10 + 4) - 10).
7
Evaluate (-11 - -14) + -21 - -10.
-8
Calculate -6 - (7 - 9 - (2 - 10)).
-12
Evaluate 0 - -4 - (3 + 3 + 1) - -7.
4
What is 13 - (-1 - -12 - (-4 - (-9 + 1)))?
6
What is 0 + -8 - (1 - (40 - 35))?
-4
What is -4 + -33 + (-27 - -61)?
-3
Calculate (376 - 392) + 2 + -3 + -2 + 12.
-7
Evaluate 2 + (-4 + -1 - 4) - (24 + -30).
-1
What is the value of 113 - 121 - (3 - 1 - (8 - 1))?
-3
((1 - 6) + 4 - -7) + -6 - -9
9
What is -10 + -10 + (-8 - (-9 - -3))?
-22
Evaluate -8 - (-18 + -5 + 12 - -6) - -6.
3
Calculate -13 - ((12 - 16) + 22).
-31
Evaluate -13 + 5 - ((-4 - -4) + 1).
-9
Calculate 3 + -1 + 2 - (-62 + 74).
-8
What is (25 - 33) + 2 + 4?
-2
2 + 0 + (17 - 17) + (-3 - 2)
-3
Calculate -4 + 34 + -25 + 9 + 1.
15
What is 3 + (-54 - -10 - -11) + (-1 - -7)?
-24
What is the value of -2 + -32 + 38 + -7 + -1?
-4
Calculate 12 + -19 - (21 + -22).
-6
Evaluate 7 - (7 + (-17 - -6 - -3) + -8).
16
What is (33 - -3 - 25) + 12?
23
What is the value of (17 - 39) + 46 + -29?
-5
30 + -12 + -7 + -38
-27
1 - -5 - (-10 + 11 - 1) - 9
-3
Calculate 39 + 13 + -114 + 42.
-20
-34 + -12 - (-64 + 24)
-6
What is -20 + 15 + -4 + 5 + -8 + 3?
-9
Calculate -12 + (7 - (4 + (-8 - -6))).
-7
What is the value of 16 + (-17 - (-17 + 20))?
-4
Evaluate -7 - (-7 - (7 + 0)) - -9.
16
Evaluate 10 + (-5 + 2 - (4 - 2)) + 7.
12
Evaluate 7 + (-9 - (22 + -1)) - (-6 + -2).
-15
What is the value of 1 + 0 + (1 - 3) + -2 + -2?
-5
Calculate -6 + -3 + (2 - -9) - -14.
16
12 + -10 + -5 - -10
7
What is 0 + (8 - 8) + 0?
0
What is the value of 2 + (9 - 5 - 6) - -6?
6
Calculate -290 + 287 - (3 - 7).
1
Calculate 7 + -13 + 15 - (-4 + -8).
21
-3 + -10 - (-14 + 14 + -36)
23
Calculate 4 - (15 - 8) - (-10 + -6).
13
(-24 + -30 - -28) + 28
2
6 - (13 - (4 - -20) - (2 + -1))
18
What is 17 + -9 - (-2 - 0) - (43 - 51)?
18
Calculate -6 + (-3 - -1 - -2) - (2 + 7).
-15
8 + -22 - -19 - (-4 - 1 - -18)
-8
Calculate -3 + 2 + 82 + -83 + 15.
13
Calculate (-14 - -1) + (5 + -13 - -36).
15
Evaluate (-5 - 0) + (-12 - (-4 + (9 - 19))).
-3
11 + (5 - -22 - 63)
-25
-5 + (27 + -30 - (-3 + -6))
1
Calculate (-10 - -8) + -10 - (-20 - -7).
1
Evaluate 6 + (-6 - -8 - 7 - 6) + 7.
2
Evaluate 28 + -23 - (8 + -2 + -7).
6
Evaluate -4 - (-12 - (-48 - -14 - -13)).
-13
Evaluate 1121 + -1157 + 16 + 0.
-20
Evaluate 9 + 0 - ((49 - 40) + 28).
-28
What is the value of (5 - 9) + 4 + -4 + -2?
-6
Evaluate (-1 - (-14 - -2)) + 3 + -5.
9
What is (-3 - 0 - -10) + -4 + 10?
13
Calculate (0 + -3 + 8 - (1 + -1)) + -8.
-3
What is (-9 - (-7 - 4)) + 6 - (-2 + 2)?
8
29 - (54 + -50 - (-1 + (-4 - -2)))
22
4 + (-8 - (7 + -7 + 11)) - -3
-12
Evaluate (1 - 4) + 0 + 19 + -15.
1
What is (1 - 7) + 5 + -11 + (-4 - -18)?
2
Calculate -120 - -111 - (-1 + 0 - -16).
-24
7 - (16 + -11 + -9)
11
What is the value of ((34 - 47) + 7 - (8 - -1)) + -2?
-17
What is the value of 3 - ((-44 - -74) + -6)?
-21
What is 194 - 190 - (-1 + 29) - (2 + -3)?
-23
What is the value of (-2 - 1 - (-3 - -7)) + (-9 - -3)?
-13
40 + (-23 - 3) + -35
-21
Evaluate -12 + 6 + -25 + 7 + -3.
-27
Evaluate (-12 - -3) + (19 - -3 - 1).
12
Evaluate (-1180 - -1132) + (-1 - -29).
-20
What is 30 - (8 + 8) - 4?
10
Evaluate -37 + 6 + 0 + 54.
23
What is 7 + -24 + 9 - 3?
-11
Calculate (-28 - -21) + 52 + -31.
14
Calculate 10 + -27 + -4 + 12.
-9
What is -2 - 17 - 6 - (0 + 3 + -8)?
-20
What is -7 + (9 + -17 + 9 - -8)?
2
Evaluate 13 - 30 - 6 - -50.
27
Calculate (-8 + (1 - -13) - 6) + (-3 - -6).
3
Evaluate -32 - ((26 - 15) + -37).
-6
Evaluate (17 - 24 - 11) + 19.
1
Calculate -3 - ((0 - (10 - 16)) + -4 + 16).
-21
Calculate 7 - (-16 - -5) - 2.
16
Calculate -2828 + 2824 + (2 - (4 - -1)).
-7
Calculate 5 + (-6 - -5) + 8 + -19.
-7
Evaluate 2 + 2 - (5 - (-8 - -7) - 8).
6
Evaluate 18 - (27 + -17 + 2).
6
Evaluate 14 - 10 - -5 - 5 - (21 - 0).
-17
Calculate (-219 + 187 - (0 + 2)) + 6.
-28
(5 - (7 - 3 - (-22 - 1))) + 9
-13
What is the value of -9 + (25 + -2 - (-14 + 7 + 15))?
6
What is -9 + 1 - (-42 + (-6 - (3 - 22)))?
21
What is 1 + -14 + 1 + 0?
-12
Evaluate -20 + (31 - (-10 - -2)).
19
What is 23 + -14 - ((-14 - -49) + (0 - 4))?
-22
354 + -377 - (1 + -14)
-10
What is the value of 17 + (-21 - (-31 + -5))?
32
What is the value of -45 - -2 - (-530 + 525)?
-38
What is 13 + -20 + (-2 - -5) - -4?
0
What is -2 + (-29 - -23) + -1 + 21?
12
Calculate ((1 - 5) + -12 - (2 + -11)) + 19.
12
-7 - (-10 - -20) - -12
-5
Calculate -2 + (-2 - -1) + (84 - 87) - 0.
-6
What is -55 + 49 - (-10 + 0 + -2) - -5?
11
What is the value of 0 + (6 - 1) + -5 + (-7 - -7)?
0
What is 58 - -7 - 59 - (-6 + -2 + 0)?
14
What is the value of 19 + -25 + 43 + -23?
14
Calculate 8 + (-49 - -16) + 30.
5
-10 + 3 + 14 + -4
3
What is the value of -13 + 2 + -1 + (38 - 17) + -32?
-23
(-3 - 3) + -78 + 115
31
Evaluate -20 + (-11 - -42) - 10.
1
What is the value of -28 + 18 + 12 + -2?
0
What is 19 + (-7 - -5) - (6 + 0)?
11
Calculate (-246 - -238) + ((-2 - 1) + 13 - 2).
0
Evaluate -10 - (-11 - -4) - (-8 - (10 + -17)).
-2
Evaluate 68 + -72 - (1 - 33).
28
-6 + 5 + (-18 - 0)
-19
Evaluate (10 - (12 + -9 + -2)) + 0 + 6.
15
Calculate 3 + -32 + (-3 - -58).
26
82 - 61 - (0 - -13) - -3
11
What is (30 - 46) + (17 - 21 - (-1 - 1))?
-18
What is 7 + (-28 - -19) - 14 - (1 + 8)?
-25
Evaluate (-6 - (0 + 9)) + 1 + 6.
-8
What is the value of (-47 - -2 - -4) + 1 + 10 + -4?
-34
What is 6 + 36 + -57 + 32?
17
What is the value of (-12 + (46 - 16) - -4) + -3 + 7?
26
What is the value of -1084 + 1091 + 0 + -20?
-13
What is 1 - -25 - (16 + (-49 - -34))?
25
Calculate 23 - (-2 - (-18 - -22)).
29
(2 - (-10 - -7) - 4) + -6
-5
(-6 - (24 + -26)) + -5
-9
What is (0 - 10) + (38 - 23 - 23)?
-18
Calculate -25 - ((0 - 0 - 2) + (-57 - -55)).
-21
Evaluate -6 + (13 - 0 - (2 - 7) - 6).
6
What is (8 - 12) + -10 + -4?
-18
What is 4 + (-3 - (1 - 8)) - 19?
-11
What is -15 + (-7 + 8 - (7 - 16 - -7))?
-12
What is th